 167832 and 53136?
648
What is the greatest common factor of 394276 and 8917?
241
Calculate the highest common divisor of 2883542 and 2.
2
Calculate the highest common divisor of 45768168 and 84.
12
What is the greatest common divisor of 1205 and 2707685?
5
Calculate the greatest common factor of 63707010 and 7239.
381
Calculate the highest common factor of 195 and 100136595.
195
What is the highest common divisor of 380210 and 7698770?
1930
Calculate the greatest common factor of 18291 and 54690961.
871
Calculate the greatest common factor of 77 and 141576099.
7
What is the greatest common divisor of 2192949 and 9121?
1303
Calculate the highest common divisor of 1253 and 697774399.
1253
Calculate the greatest common factor of 2300499 and 1766241.
3987
What is the highest common divisor of 4845 and 6449766?
51
What is the greatest common divisor of 222 and 1596282231?
111
What is the highest common divisor of 2880596 and 4068?
452
What is the greatest common divisor of 44187 and 592449?
429
What is the greatest common divisor of 359195 and 760?
95
Calculate the highest common factor of 25284 and 871948238.
4214
Calculate the highest common factor of 142 and 59778734.
142
Calculate the greatest common divisor of 3602028 and 4148.
68
What is the highest common divisor of 47747 and 847?
7
Calculate the greatest common factor of 5 and 232842410.
5
Calculate the greatest common factor of 4351620 and 667212.
1092
Calculate the highest common factor of 3222823 and 1.
1
What is the greatest common divisor of 1439195 and 1460?
365
Calculate the greatest common factor of 20655061 and 167.
167
What is the greatest common divisor of 186209734 and 4430?
886
Calculate the highest common divisor of 138294443 and 7.
7
Calculate the greatest common factor of 1475357 and 1027.
13
Calculate the greatest common factor of 17842 and 211046.
22
Calculate the greatest common divisor of 9331993 and 3839.
11
Calculate the greatest common divisor of 509015 and 3219305.
955
Calculate the highest common divisor of 5 and 1501535.
5
Calculate the highest common divisor of 4035 and 425289.
807
What is the highest common divisor of 3478 and 8185473?
1739
What is the greatest common divisor of 19555641 and 1902089?
6769
Calculate the highest common factor of 912 and 253678224.
48
What is the highest common factor of 3486 and 632534?
14
What is the greatest common factor of 79616085 and 7188?
1797
Calculate the highest common factor of 5289285 and 255.
15
What is the highest common divisor of 3990924 and 42210?
126
What is the highest common factor of 110 and 164877515?
55
Calculate the highest common divisor of 7136 and 1941438.
446
Calculate the greatest common divisor of 11696 and 325639.
43
Calculate the greatest common divisor of 67272 and 188064482.
5606
Calculate the highest common divisor of 1313 and 62803.
13
Calculate the greatest common divisor of 366788 and 14194.
94
What is the greatest common factor of 1035 and 708147?
207
What is the greatest common factor of 203 and 67537659?
7
Calculate the greatest common factor of 92 and 77767370.
46
What is the greatest common factor of 101696686 and 2002?
182
Calculate the greatest common divisor of 179073 and 10665.
9
What is the greatest common divisor of 1545 and 436921674?
309
Calculate the greatest common factor of 375972462 and 108.
54
Calculate the greatest common factor of 4853618 and 3850.
154
Calculate the greatest common divisor of 41896701 and 407.
11
What is the highest common factor of 171 and 19131651?
171
What is the highest common factor of 282 and 8910777?
141
What is the greatest common factor of 939063 and 102?
51
What is the greatest common divisor of 10245305 and 469?
469
Calculate the highest common factor of 24 and 4614063.
3
What is the greatest common factor of 2205 and 91215?
45
What is the greatest common factor of 173520 and 4032?
144
Calculate the highest common divisor of 7532163 and 2697.
93
What is the greatest common divisor of 558 and 455293962?
558
Calculate the highest common factor of 50556 and 8524428.
132
Calculate the greatest common divisor of 1179 and 462686367.
393
Calculate the greatest common divisor of 508 and 20302728.
508
What is the highest common divisor of 27 and 46110969?
9
What is the highest common factor of 5060 and 1098503230?
2530
What is the greatest common divisor of 496 and 3688008?
248
Calculate the greatest common divisor of 120953 and 23051.
259
What is the greatest common divisor of 1021690 and 870?
10
What is the greatest common factor of 10760976 and 396?
36
What is the greatest common factor of 6878342 and 722?
38
Calculate the highest common divisor of 9732 and 81.
3
Calculate the highest common factor of 2676 and 118364.
4
What is the greatest common divisor of 909 and 1268560?
101
What is the highest common factor of 168450 and 10912191?
3369
What is the greatest common factor of 95208 and 3628?
4
What is the greatest common factor of 522425423 and 403?
403
What is the highest common divisor of 6960 and 592240?
80
What is the highest common factor of 4722458 and 260?
26
Calculate the highest common factor of 865976 and 104.
8
What is the greatest common factor of 6 and 27423762?
6
What is the highest common divisor of 63893 and 24675759?
353
Calculate the highest common divisor of 19515683 and 33.
11
Calculate the highest common factor of 9 and 1865459907.
9
Calculate the greatest common divisor of 437366 and 16733.
577
Calculate the highest common divisor of 962764 and 1100.
44
What is the highest common divisor of 5051862 and 24?
6
Calculate the highest common factor of 1926915 and 309.
3
What is the greatest common divisor of 1033408 and 64?
64
Calculate the greatest common divisor of 117650718 and 6402.
582
Calculate the greatest common factor of 26918066 and 56.
14
What is the greatest common divisor of 88170662 and 349?
349
Calculate the greatest common divisor of 4719168 and 444.
12
Calculate the highest common factor of 1062271 and 833.
49
What is the greatest common divisor of 1909 and 454181?
23
What is the greatest common factor of 1621785 and 33561?
33
Calculate the highest common factor of 136 and 4776160.
8
Calculate the greatest common divisor of 165116593 and 2679.
893
What is the highest common divisor of 1416156 and 5712?
84
What is the greatest common divisor of 152024 and 43152?
248
What is the highest common divisor of 54 and 40818618?
18
What is the highest common divisor of 3493114 and 4?
2
Calculate the greatest common divisor of 235 and 586084313.
47
What is the greatest common factor of 848763 and 477?
9
Calculate the greatest common divisor of 69717 and 14059.
17
What is the greatest common divisor of 3660 and 208472685?
915
What is the highest common divisor of 381942 and 238553?
643
What is the highest common factor of 33025 and 4412?
1
What is the highest common factor of 264545 and 16850?
1685
Calculate the greatest common divisor of 3905 and 20056080.
3905
Calculate the greatest common divisor of 180 and 21363460.
20
What is the highest common factor of 2244 and 11256652?
748
Calculate the greatest common divisor of 166 and 121746060.
166
Calculate the highest common factor of 6524672 and 682.
22
What is the greatest common factor of 43719248 and 5424?
1808
What is the highest common factor of 1352 and 13045864?
104
Calculate the highest common divisor of 2215360 and 55200.
3680
Calculate the greatest common factor of 1712676912 and 4.
4
What is the greatest common factor of 10 and 57240395?
5
Calculate the highest common factor of 3767114 and 130.
26
What is the highest common factor of 795528 and 1428750?
2286
What is the greatest common factor of 1837628 and 104?
52
What is the highest common divisor of 48694162 and 176?
22
What is the greatest common divisor of 751 and 448?
1
Calculate the highest common divisor of 463768 and 402056.
232
Calculate the highest common divisor of 453926460 and 9378.
3126
Calculate the greatest common divisor of 4 and 14389223.
1
Calculate the highest common factor of 3400359340 and 140.
140
Calculate the greatest common divisor of 120 and 108115365.
15
Calculate the greatest common divisor of 6320773 and 30194.
487
What is the greatest common factor of 58793 and 36001?
259
Calculate 